ulate m(3).
7
Suppose 0 = 2*p + p - 15. Suppose 3*q - p*q = -14. Let c(d) = -5 - 2*d**2 + d**2 - q*d + 3*d. Determine c(-4).
-5
Let f(s) = -8*s + 5. Let q(h) = 12*h - 7. Let g(d) = -7*f(d) - 5*q(d). What is g(-2)?
8
Let c(v) = -2*v**3 + 2*v**2 - 1. Suppose 0 = 2*l + 6 - 8. Determine c(l).
-1
Suppose -h - 3*z = 2*z + 21, 0 = -2*h + 4*z. Let c(x) = -x**3 - 6*x**2 - 2. Give c(h).
-2
Let l = -738 - -732. Let i(c) = -4*c - 5 + 6*c + 0. Give i(l).
-17
Suppose 4*h + 20 = 0, -4*h = -r - 0*h + 12. Let w = -6 - r. Let z be w/8 - 10/8. Let t(y) = 6*y**2 + y. Calculate t(z).
5
Let n(a) = -a + 1. Suppose 18 - 42 = -4*p. Let o = p - 4. Calculate n(o).
-1
Let o(p) = p**3 + 4*p**2 + 5. Let w = 49 + -53. Give o(w).
5
Let k(v) be the first derivative of v**2/2 - 2*v - 1. Suppose -4*s = 4 + 12. What is k(s)?
-6
Let p(k) = -23*k**2 + 3*k - 3. Let x(f) = -11*f**2 - 1 + 7*f**2 + f - 4*f**2. Let c(r) = -6*p(r) + 17*x(r). Let j(t) = -t + 1. Let v be j(-1). Give c(v).
7
Let b(h) = -19*h**2 + 39*h**2 - 19 - h - 21*h**2. Determine b(0).
-19
Let t(q) = -q**3 - 8*q**2 + q + 6. Let v be t(-8). Let f(a) = -a**3 - 2*a**2 + 2*a. What is f(v)?
-4
Let h(m) = -m. Let w be 2/(-3) - (-1)/(-3). Let v = 2 + -4. Let g be v - -4*w/2. Calculate h(g).
4
Let g(t) = t**2 - 21*t + 12. Let l be g(20). Let d(m) = m + 11. Determine d(l).
3
Let c(j) be the first derivative of -9*j**2/2 - 6. What is c(-1)?
9
Let w(o) = -o**2 + 3*o. Suppose 0 = -l + v + 1, -3*l + 2*v = -3*v + 5. Give w(l).
-10
Let s(p) be the third derivative of p**4/12 + 9*p**2. Determine s(-4).
-8
Let c be ((-22)/10 + 2)/(5 - 17). Let j(d) be the third derivative of 0 + 2/3*d**3 + d**2 + c*d**5 + 1/24*d**4 + 0*d. What is j(0)?
4
Let n(s) = -s**2 - 6*s - 4. Let b(j) = 5*j**2 + 30*j + 21. Let r(l) = 2*b(l) + 11*n(l). Let u = 7 - 5. Let f be (u + -4 + -2)*1. Determine r(f).
6
Let k be 18 - (1 + 0/(-3)). Let w(i) = -22*i + 36*i - k*i. Calculate w(2).
-6
Let p(f) be the second derivative of f**5/5 + f**4/6 + f**3/6 - f. Suppose 0 = 3*a + 7 - 37. Suppose -5*n + 5 = a. Determine p(n).
-3
Let j(n) = -n**3 - 8*n**2 + 10*n + 7. Suppose 20 = 4*h, -2*h - 26 = -3*z + 7*z. Determine j(z).
-2
Let d(x) = 7*x**2 + 4. Let n(s) = -6*s**2 - 3. Let k(l) = 5*d(l) + 6*n(l). Let w(i) = -i**2 + 4. Let v(q) = -5*k(q) + 2*w(q). Determine v(2).
10
Let p(k) = 4*k + 1. Suppose 4*n = -2*c + 12 - 2, 0 = -c + 3. Calculate p(n).
5
Suppose 2*w - 4*y = -14, -2*w + 7*y + 18 = 11*y. Let s(h) = h**2 - 2. Let n(t) = t**2 + t - 3. Let u(a) = -2*n(a) + 3*s(a). Determine u(w).
-1
Let h(p) = -p**2 - 1 - 17*p + 18*p - 6. Let l(y) = y**2 + 7. Let d = 5 + -10. Let j(a) = d*l(a) - 6*h(a). Determine j(5).
2
Let h(z) = -z**2 + 10*z - 6. Let k be -5*(240/(-135) - (-4)/(-18)). Give h(k).
-6
Suppose -3*w + 5*z = -14, w = 9*z - 4*z + 18. Let i(m) be the first derivative of -5/2*m**2 + 1 - 3*m. Determine i(w).
7
Let b(t) be the first derivative of -t**7/840 - t**6/360 + t**5/30 + t**4/8 + 2*t**3 + 1. Let n(j) be the third derivative of b(j). Give n(-2).
-1
Let w be 6 - -6*(-1)/2. Let k(i) = -2*i - 2 + w*i - 8. Let a(m) = -m + 2. Let b be a(2). What is k(b)?
-10
Let r(q) = -q**3 + 7*q**2 + 2. Let g be r(7). Suppose -g*l = -5*f + 24, 0*f + 5*l + 26 = 4*f. Let a(b) = b - 2. Calculate a(f).
2
Suppose -2 = 4*c - 4*i - 102, -4*c + 3*i + 98 = 0. Suppose 3*x - 3 = 4*t, -4*x + c = -0*x + t. Let n(j) = -j + 4. Calculate n(x).
-1
Let k(o) = -o - 2. Let r(y) = -y**3 - y**2 - 4. Let c be r(0). Give k(c).
2
Let p(v) = v**2 + 5. Let b be p(0). Let m be (3 - (b - 2))/(-3). Let w(f) = f**2 + 1. Determine w(m).
1
Let p(a) be the second derivative of a**4/12 - 4*a**3/3 + 3*a**2 - 13*a - 3. What is p(5)?
-9
Suppose 0 = -j + 5*k + 16, -4*j - 5*k + 6*k - 12 = 0. Let o(x) = x - 4. Determine o(j).
-8
Let o = 21 - 6. Suppose 0*j - 3*j = o. Let i(w) = w**3 + 6*w**2 + 5*w + 1. Determine i(j).
1
Let p(u) = -u**3 + 18*u**2 + 20*u - 15. Let o be p(19). Let c(k) = k**3 - 4*k**2 + 2*k + 5. What is c(o)?
13
Let u(z) = 7 + 10*z + z**2 - z - 15. What is u(-7)?
-22
Suppose 2*w = p + 5, -w + 2*w - 4*p = 13. Let b(t) be the first derivative of -5/2*t**2 + w + 0*t. Give b(-1).
5
Let v(d) = 0 - 6 - 12*d + 8*d. Determine v(-4).
10
Let y(i) = 6*i. Let b be (4/6)/(2/(-9)). What is y(b)?
-18
Suppose 6*b = b. Let u(n) be the second derivative of b + 7/2*n**2 - n + 1/6*n**3. Give u(-5).
2
Let k(w) = 3*w + 7. Let x be ((-8)/(-6))/((-2)/(-3)). Let b(t) = 7 - 2 + 2*t - x. Let d(y) = -5*b(y) + 3*k(y). Give d(0).
6
Let h(w) = w**3 + 4*w**2 - 7*w - 7. Let k be h(-5). Let d(c) = c + k - 4*c - 2 + 1. Determine d(-2).
8
Let z = 4 + -4. Suppose 2 = 2*v - z*v. Let f(a) = a**3 + 1. Determine f(v).
2
Let d(b) be the second derivative of -b**3/3 + 2*b**2 + b. Suppose 2*q - 1 - 7 = 0. Calculate d(q).
-4
Let r(f) = -7*f + 23. Let w(h) = -10*h + 34. Let s(p) = -7*r(p) + 5*w(p). Calculate s(0).
9
Suppose -4*p = -3*p - 2*y - 10, -3*y - 15 = -3*p. Suppose -2*q + p*q = -5*j + 22, 4*j - 20 = 4*q. Let x(w) = w**3 - 4*w**2 - w + 2. Give x(j).
-2
Let q(x) be the third derivative of -x**4/24 - 17*x**3/6 + 12*x**2. Calculate q(-7).
-10
Let p(w) be the first derivative of -w**5/20 - w**4/4 + 7*w**3/6 + 3*w**2 - w - 3. Let d(n) be the first derivative of p(n). What is d(-4)?
-6
Let x(b) = b**2 + 2*b - 5. Let d(a) = -3*a**2 - 6*a + 14. Let c(i) = -3*d(i) - 8*x(i). Suppose 4*q - 39 = 1. Let k = 6 - q. Determine c(k).
6
Let f be -1*(2*-2 - 3). Let h(z) = -z + 12. Let t be h(f). Let x(a) = -a + 6. What is x(t)?
1
Suppose -2*c - 14 = -5*c - k, -4 = -2*c + 2*k. Let h(a) = -2*a - 4. Calculate h(c).
-12
Suppose 5*q = i + 10, -2*i + 3*q - 14 = -3*i. Suppose -3*a + 2 = -8*a - f, 3*a + 3*f + 6 = 0. Let r(o) = a*o + 2*o + 3 - 4*o. Give r(i).
-7
Let q(v) = 9 + 4 - v - 5*v - 11. Determine q(3).
-16
Let q(c) = -c**2 + 6*c + 4. Let t = 11 - 2. Let l = t - 3. Calculate q(l).
4
Let z(a) = 3*a**2 + a - 1. Let b(d) = 7*d**2 + 3*d - 3. Let m(c) = 2*b(c) - 5*z(c). Let x(w) = 2*w**2 - 6*w + 2. Let r(g) = 3*m(g) + x(g). Calculate r(-4).
-5
Let t = 136 + -134. Let g(c) = -3*c + 3. Give g(t).
-3
Let c(z) = z - 4. Let h(m) = 2*m - 5. Let d be h(6). Let v be c(d). Let g(o) = o + 4*o**v - o + 1 - o**2. What is g(1)?
4
Let a(u) be the first derivative of 1/24*u**4 + 0*u + 1/2*u**2 - 2/3*u**3 - 3. Let x(v) be the second derivative of a(v). Calculate x(3).
-1
Let o be (2 - 0) + (-7 - -3). Let m = 2 - -1. Let g(i) = -1 - m - 3*i + 3. What is g(o)?
5
Let s = 9 - 7. Suppose g + 0*g - 5 = -5*y, -s*y = -5*g + 25. Let l(j) = -j + 3. Give l(g).
-2
Let q(g) be the first derivative of 1/6*g**3 + 3 + 2*g**2 + g. Let m(o) be the first derivative of q(o). Calculate m(-3).
1
Suppose 4*q - 3*s + 22 = 0, 0 = -3*q - q - 2*s - 32. Let m(k) = -2*k - 5. What is m(q)?
9
Let v(k) = 2*k. Let p(t) = 9*t**2 - 2*t + 1. Let i(a) = 5*a**2 - a + 1. Let q(f) = -7*i(f) + 4*p(f). Let d be q(3). What is v(d)?
6
Let p(g) = -g**3 + 6*g**2 - g + 2. Suppose a - 3*a + 12 = 0. What is p(a)?
-4
Let u(b) = -2*b + 1. Let d be u(-2). Let h be (1/1)/(d/10). Let f(z) = -2*z**2 - 8 + 8 - h*z**2. Calculate f(-1).
-4
Suppose 5*d - 14 - 16 = 0. Let p(i) = -4*i + 4. Calculate p(d).
-20
Let o(x) = -x - 10. Suppose 0 = -0*i + 4*i. Let k be i - (1 + 6 + -2). Determine o(k).
-5
Let g(h) = 2*h**3 + 4*h**2 - 12*h + 4. Let s be g(-4). Let o(m) = -2*m - 18. Give o(s).
6
Let u(q) = -56*q + 2*q**2 + 60*q + 6 + q**3 - 3. Give u(-2).
-5
Let d(x) = x**2 - 2*x + 4. Suppose -3*t = -4*t + 4. Suppose -2*y - 10 = t*h, -4*y + 3*y = -2*h - 11. Give d(y).
7
Let d be (-17)/(-5) + 38/(-95). Suppose r + r = 3*s + 12, -2*s + 5*r + d = 0. Let q(t) = t**2 + 8*t + 1. Give q(s).
-11
Suppose g + 12 = 7*o - 3*o, 2*g = o - 10. Let n(w) be the second derivative of 1/12*w**4 + 4*w + 0 + w**2 + 0*w**3. Give n(o).
6
Let m(r) be the third derivative of r**4/24 + 7*r**3/6 + 15*r**2. What is m(-6)?
1
Let z(x) = x - 1. Let i(c) = c + 6. Let w be i(-5). Let j(m) = m**2 + 6*m - 5. Let t(l) = w*j(l) - 5*z(l). Calculate t(2).
6
Suppose -2*x + 3*f = -f - 12, 3*f - 30 = -5*x. Let m(t) = -t**3 + 3*t**2 - x*t + 3 + 4*t + 4*t - 4*t. Let n be -2 + -2 + 6 - -1. Calculate m(n).
-3
Let s be (-8)/28 + (-33)/7. Let b(x) = -x**3 - 6*x**2 - 3*x + 3. Calculate b(s).
-7
Let w(x) = -x. Let d be w(-2). Let h(o) = 2*o**2 - o**3 + o**d - 2*o**2 + 1 + 3*o. What is h(-2)?
7
Let w = 4 - -2. Le